9). Let k(j) = -j**3 - j**2 - 2*j - 1. Let v be k(m). What is the highest common factor of 14 and v?
7
Suppose -22 - 211 = -u. Suppose 0 = 5*w - 5*q - 385, 2*w - q = -w + u. Suppose 18 + 8 = f. Calculate the highest common divisor of w and f.
26
Let g = 9 + 3. Suppose 5*o - 48 - 37 = 0. Let y = o - g. What is the highest common factor of y and 5?
5
Let f = -3 + 6. Suppose -f*l + 546 = 4*i, -i + 2*l = 2*i - 401. Let p = -24 + 51. Calculate the greatest common divisor of p and i.
27
Let x be 120/9*198/220. Suppose 2*b = 5*t - 95, -t - 2*b + 3 = -16. Let v be t + 0 + -1 + 0. Calculate the greatest common factor of v and x.
6
Let h be (-5)/(-30) + 142/12. Suppose 5*b + 52 = h. Let i be ((-8)/4)/(b/28). Calculate the greatest common divisor of i and 63.
7
Suppose 4*i = -3*i + 1008. Suppose 0 = v - 3*v + 4*o + i, -3*v - 2*o + 256 = 0. What is the greatest common factor of v and 123?
41
Suppose 56 = r + r. Let l(f) = 82*f + 794. Let t be l(-9). Calculate the highest common divisor of t and r.
28
Let f be (1 - 1)*(-16 + 17). Suppose 5*v = -x + 2*x + 26, f = -x - 1. What is the highest common divisor of 45 and v?
5
Suppose 3*h = 5*h - 14. Let i(n) = n - 34. Let y be i(16). Let m be ((-63)/y)/(2/20). What is the greatest common factor of m and h?
7
Suppose -5*j + 222 = 2*l, -8*l = -3*j - 5*l + 129. What is the greatest common factor of j and 154?
22
Suppose -3*n = 2*f - 94, -5*n + 3*f - 7 = -151. Suppose -15*i - 353 - 262 = 0. Let w = i + 51. What is the highest common factor of n and w?
10
Suppose 0 = 4*o - 7*o - 9, 4*q = 3*o + 201. What is the highest common factor of 240 and q?
48
Suppose 0*p + p = 0. Suppose -3*w + 93 + 57 = p. Calculate the greatest common factor of 20 and w.
10
Let g be (-3093)/(-6) + (171/18 - 10). Calculate the greatest common factor of g and 206.
103
Let a(f) = -f**3 - 5*f**2 + 4*f + 4. Let h be a(-6). Calculate the highest common divisor of h and 12.
4
Suppose 0 = -138*m + 155*m - 1122. Calculate the greatest common divisor of 165 and m.
33
Let s(x) = -37*x. Suppose -15 + 6 = 3*i. Let u(q) = 445*q. Let j(a) = i*u(a) - 35*s(a). Let d be j(-1). Calculate the highest common divisor of 100 and d.
20
Let z be (2 - 220/8)*2/(-3). Calculate the highest common factor of 408 and z.
17
Suppose -342 = -t - 310. Calculate the highest common divisor of 2 and t.
2
Let a be ((-16)/(-6) - 2) + (-19826)/(-69). What is the highest common factor of 54 and a?
18
Let a = 581 + -515. Calculate the greatest common divisor of a and 363.
33
Let x(l) = -2*l - 3. Suppose -4*q = -3*z - 7*q - 39, q = -4*z - 46. Let j = -13 - z. Let u be x(j). Calculate the highest common divisor of 5 and u.
1
Let r = -40 + 2. Let s = r + 41. Let n be ((-90)/25)/((-3)/10). Calculate the highest common factor of s and n.
3
Suppose 28 + 2 = 5*m. Let j = 50 - 40. Suppose -6*u - 240 = -j*u. What is the highest common factor of u and m?
6
Let u(k) = -k + 3. Let p be u(0). Suppose p*o - 2*o = 22. Let v(n) = 5*n**2 - 10*n - 10. Let c be v(-4). Calculate the greatest common factor of c and o.
22
Suppose 0 = 88*v - 84*v - 1188. What is the highest common divisor of 27 and v?
27
Suppose 4*z - 4*g - 332 = 0, -2*z + 7*g = 2*g - 154. What is the highest common divisor of z and 58?
29
Let a(i) = -i**2 - 39*i - 344. Let o be a(-24). Suppose 0*m = 4*m - 512. What is the greatest common factor of m and o?
16
Let k be -1 + 1 + 50/5. Suppose -4*q = -4*h - 48, 0 = 3*q + 4*h - 46 + k. What is the greatest common factor of q and 12?
12
Suppose 9*z - 6 = 6*z. Let i be ((-20)/(-1))/(z*1). What is the highest common divisor of 20 and i?
10
Let s be 2*4/24*0. Suppose s*d = -d + 25. Suppose -2*m = -0*m + 5*h - d, 2*h = -4*m + 58. What is the highest common divisor of 75 and m?
15
Suppose 0 = -4*b - 4*t + 1172, t - 5*t = -b + 268. Suppose 106 = 7*l + 29. Suppose 0 = l*n - 6*n - 160. What is the highest common factor of b and n?
32
Let o = 1525 - 1508. Suppose 4*m + 68 = 5*m. Calculate the greatest common divisor of o and m.
17
Let q = 29 - 15. Suppose 0 = -5*o + 26 - 6. Suppose -3*b + 146 = -2*b + o*x, -5*x - 605 = -5*b. What is the highest common divisor of b and q?
14
Let r(c) = c**3 - 6*c**2 - 9. Suppose -3*q + 39 = -0*q. Let i = q - 6. Let f be r(i). Calculate the highest common divisor of f and 20.
20
Let l(z) = 66*z + 1190. Let i be l(-18). Let s(h) = h**3 + 2*h**2 - 3*h + 3. Let j be s(-3). What is the greatest common factor of i and j?
1
Let i = 649 - 453. Let n be ((-10)/8)/(-2 - (-385)/i). Calculate the greatest common divisor of n and 14.
7
Let w = -32 - -37. Suppose 5*z + 0*s + s - 49 = 0, w*s = 2*z - 25. Let i be 0 - 2 - (-24 - -2). Calculate the highest common divisor of i and z.
10
Let j = 567 - -81. What is the highest common divisor of j and 12?
12
Suppose 7*a - 1384 - 1920 = 0. Calculate the highest common factor of a and 59.
59
Let h be (5*(-42)/(-15))/((-6)/(-675)). What is the greatest common factor of 63 and h?
63
Let u = 82 - 71. Let h(p) = -2*p**3 + 17*p**2 - 14*p - 16. Let f be h(7). What is the highest common factor of f and u?
11
Let r be (-7)/189*-6 - 16228/(-36). Calculate the greatest common factor of 44 and r.
11
Suppose -225 = -5*v + 5*y, -2*v = -5*y + 2*y - 95. Calculate the highest common factor of v and 50.
10
Suppose 3*g - a = -g + 18, -4*a + 33 = 5*g. Let h(d) = d**2 + g*d - 4 - d - d - 2*d. Let q be h(-3). What is the greatest common factor of 22 and q?
2
Let n be (2/(-4))/(456/64 + -7). Let p be (2 - 1)*-1 + n + 15. Calculate the greatest common divisor of p and 30.
10
Let f(c) = c + 9. Let n be f(0). Suppose 5*v = n - 24. Let w = v - -20. What is the highest common divisor of w and 17?
17
Suppose 259 = 4*m + 59. Let y(n) = 72*n**2 + 2*n + 1. Let h be y(1). Calculate the highest common factor of m and h.
25
Let w be (-4)/(-10) + (-185)/25. Let p(a) = -5 - 5 - 28*a + 3. Let i be p(w). Calculate the greatest common divisor of i and 21.
21
Let q be -2 - (-45)/(1 - -2). Let d be (-9)/(-21) + 270/7. What is the highest common divisor of q and d?
13
Let d(l) = -13*l**3 + 3*l**2 + 2*l + 8. Let h be d(-7). Let s be h/32 - (-2)/8. Calculate the greatest common divisor of 18 and s.
18
Suppose 1608*c = 1605*c + 180. Calculate the greatest common factor of 14 and c.
2
Let d(q) = q**3 - 3*q**2 - 14*q + 14. Let v be d(6). Calculate the highest common factor of 19 and v.
19
Let t = 37 - 35. Suppose t*a - 256 = 2*c, -3*c = -0*c - 6. Calculate the highest common divisor of a and 52.
26
Let o(y) = y**2 - 3*y - 14. Let a be o(17). Suppose 2*h + 228 = 5*x, x + 4*x = h + a. What is the highest common factor of 4 and x?
4
Suppose 2*k + 46 = 3*d, -5*d - k + 73 + 21 = 0. Let v(i) = 3*i**2 + 21*i - 15. Let x be v(-8). Calculate the highest common factor of d and x.
9
Suppose -23*b = -69 - 0. What is the highest common divisor of 15 and b?
3
Suppose 3*i + 5*o - 34 = 0, -4*i - 4*o - 17 = -73. Let m = -535 - -537. What is the highest common divisor of i and m?
2
Let g be (-224)/(-36) - (-3 - (-116)/36). Let k = -3 + 6. Calculate the greatest common divisor of k and g.
3
Let d = -325 - -565. Let t be 4*(-2 + (-10)/(-4)). Suppose 2*r + t*r = d. Calculate the highest common factor of r and 12.
12
Suppose -14*m - 12*m = -2704. Calculate the greatest common divisor of 24 and m.
8
Let p be (-4*1)/(-2*10/110). Calculate the greatest common factor of p and 88.
22
Let d = -46 - -97. Suppose d = 15*u - 12*u. Let j(v) = 3*v**2 + 5*v + 1. Let t be j(-5). Calculate the greatest common divisor of t and u.
17
Let t be (22/(-8))/(((-360)/(-384))/(-15)). Let p be (-2)/(-8) + 4749/12. What is the highest common factor of p and t?
44
Let v(t) = 14*t + 17. Let s be v(-15). Let x(l) = -l**2 - l + 11. Let j be x(-12). Let a = j - s. Calculate the highest common factor of a and 18.
18
Let z(a) = a**2 - 4*a + 24. Suppose 2*n - n = 6. Let f be z(n). Let y(h) = -h**3 - h**2 + 3*h + 3. Let d be y(-3). What is the highest common factor of d and f?
12
Suppose a + 6*t - 4*t = 79, 3*t = 3. Calculate the highest common divisor of a and 33.
11
Let z = 76 + -54. Let a be ((-396)/18)/((-4)/6). Calculate the highest common factor of z and a.
11
Let k = -7 - -13. Let c = k - 9. Let h be c/(6*1/(-56)). What is the highest common divisor of h and 42?
14
Let w = 33 - 30. Suppose 0*g = 3*g + 5*u - 22, -w*u - 30 = -3*g. Suppo